-31*y. What are the prime factors of y?
2, 7, 23
Let g = -23 + 26. Suppose -3*p = -0*p - g. List the prime factors of (p + 112)*1 + 1.
2, 3, 19
Suppose 9*h + 3*h = 17646 + 262002. List the prime factors of h.
2, 3, 971
Let r(p) = -p**3 - p**2 + 2*p + 3. Let i be r(-2). Suppose -4*k + i*k + 18 = 0. Suppose -5*w - 2*h = -839, -k = 5*h - 3. List the prime factors of w.
13
Let z be (-1 - 3/(-15))/((-2)/(-155)). Let r = z - -57. Let d = 74 + r. What are the prime factors of d?
3, 23
Let m be (-620)/(-10) - 4/2. Let d be 12/m - (-19)/5. Suppose d*z - f = 68, -f - 74 = -5*z + 3*f. List the prime factors of z.
2, 3
List the prime factors of (285/(-25))/(14/(-6510)).
3, 19, 31
Let z be (32 - (-4 + 6)) + -5. List the prime factors of (-856)/(-3) + z/(-75).
3, 5, 19
Let w(x) = 44*x**2 + 6*x - 3. Let q(f) = 46*f**2 + 5*f - 3. Let h(v) = 5*q(v) - 4*w(v). List the prime factors of h(-2).
211
Let o be (-165)/5*(-5)/(-5). What are the prime factors of (6/4)/(o/(-22550))?
5, 41
Let c = -625 + 675. Suppose -45*n + c*n - 2*s = 6874, s = -n + 1372. What are the prime factors of n?
2, 3, 229
Let y(p) = 2*p**2 - 5*p - 9. Suppose 3*m - 12 = 2*k, k + 2*k + 3*m + 3 = 0. Let t be y(k). List the prime factors of (t/(-6))/4*(-89 - 1).
2, 3, 5
Suppose -3934 = -3*y - j, 16*j + 1302 = y + 14*j. What are the prime factors of y?
2, 5, 131
Let o = -66 + 70. Let a(z) = 110*z - 27. List the prime factors of a(o).
7, 59
Let m(f) = -159*f - 49. Let n be m(-10). Let y = -1029 + n. What are the prime factors of y?
2
Let d = 1211 - 1207. Let i = -4 - -7. Suppose 82 = -g + i*g - 4*b, d = b. List the prime factors of g.
7
Let d = 7171 + -3631. What are the prime factors of d?
2, 3, 5, 59
Let f(a) = 13815*a. Let y be f(2). Suppose 2*b + 4*b - y = 0. List the prime factors of b/65 - (12/39)/(-2).
71
What are the prime factors of (-54)/(-3)*603735/495?
2, 3, 3659
Suppose 0 = -m + 3*t + 8861, -m + 5*t + 3189 = -5672. List the prime factors of m.
8861
Let n(u) = -u**2 - 10*u + 1. Let s be n(-10). Let y be (-3868)/10*s - 1/5. What are the prime factors of (1*-3)/(3/(y/3))?
3, 43
Suppose -1363 = -4*o + 8189. Suppose 0 = 56*f - 54*f - o. What are the prime factors of f?
2, 3, 199
Let b = 33281 + -23346. List the prime factors of b.
5, 1987
Let l be -3*328/(-12)*(-1 + 0). Let c = 146 + l. Let j = 111 - c. List the prime factors of j.
47
What are the prime factors of (-3721120)/(-1440) + (-10)/9?
3, 7, 41
Let v be 0 + 7 + (2 - 4). Suppose -1324 + 44 = -v*l. Let j = l - 112. What are the prime factors of j?
2, 3
Suppose -669*v = -439*v - 1997780. What are the prime factors of v?
2, 43, 101
Let a(i) = 4*i**2 + 7*i - 6. Let z(q) = q**2 - 21*q + 25. Let t be z(20). List the prime factors of a(t).
3, 43
Let a(c) = -403*c - 9. Let d = -134 + 133. List the prime factors of a(d).
2, 197
Suppose 3*j - 1201 = 1763. Suppose -5*r - 1629 = -2*u, 0 = u + 4*r - j + 180. What are the prime factors of u?
2, 7, 29
Suppose -10*d = -12*d - 4*t + 1096, -4*d + 2183 = -t. Suppose 0 = -9*m + 6*m + d. What are the prime factors of m?
2, 7, 13
Suppose j - 2604 = 5*w, -3*j - 3*w - 144 = -7974. List the prime factors of j.
2609
Suppose 0 = -3*q + d + 1550 + 765, 0 = q - 4*d - 768. What are the prime factors of q?
2, 193
Suppose 3*j + 34 = r - 18, -3*r - 2*j = -134. Suppose 0 = 49*w - r*w - 312. List the prime factors of w.
2, 13
Let t(m) = 551*m**3 + 4*m**2 + 7*m - 11. What are the prime factors of t(2)?
19, 233
Suppose j + 283 - 12 = 0. Let z = 81 - j. What are the prime factors of z?
2, 11
Let a(b) = b. Suppose -5*x + 18 = 3*s, -s + 2*x - 12 = -3*s. Let v be a(s). What are the prime factors of ((-52)/(-12) + -1)/(v/126)?
2, 5, 7
Suppose 5*y + k + 10 = 0, y - 4*k - 1 = -3. Let c = y - -6. Suppose 35 = 2*t + h, -3*t - c*h + 19 = -31. What are the prime factors of t?
2, 3
What are the prime factors of 3*((-38390)/(-25))/((-36)/(-30))?
11, 349
Suppose -7*a - 4*o = -4*a - 2, 5*a - 2*o + 14 = 0. What are the prime factors of (-188354)/(-164) + a/4?
2, 7, 41
Let o = 81 - 69. List the prime factors of (80 - -20)/(27/o - 2).
2, 5
Suppose 9*l = -l - 440. Let p = l - -83. What are the prime factors of (72/p - 2) + (-7533)/(-39)?
193
Let l = 144 - 113. Suppose -25*n + l*n - 1872 = 0. What are the prime factors of n?
2, 3, 13
Let z(m) be the second derivative of m**4/4 + 53*m**3/6 - 43*m**2/2 - 64*m. List the prime factors of z(-23).
5, 13
Suppose 3*u - 2 = -4*x, 5*u - 41 = 2*x - 3. Suppose -2*i = -3*r + u*r - 109, 3*i - 116 = 5*r. List the prime factors of i.
47
Let t = 25550 - 17696. What are the prime factors of t?
2, 3, 7, 11, 17
Suppose 467*w - 169822 = 426*w. List the prime factors of w.
2, 19, 109
Suppose 0 = -16*f + 15*f + 64. Let o = 69 - f. Suppose 0 = o*k - q - 0*q - 377, -5*q - 85 = -k. What are the prime factors of k?
3, 5
Let t = 89399 - 61472. List the prime factors of t.
3, 29, 107
Let f = -499 + 505. List the prime factors of (-8490)/(f - 11) + 6.
2, 3, 71
Suppose -11 = b - 18*w + 17*w, -3*b - 37 = -5*w. Suppose 9*i - 11*i + 30 = 0. Let d = i + b. What are the prime factors of d?
2, 3
Let k = 14916 - -1061. What are the prime factors of k?
13, 1229
Let v = 5082 - -21. What are the prime factors of v?
3, 7
Suppose 24*n = 295 - 79. Suppose n*l - 11*l = -210. List the prime factors of l.
3, 5, 7
What are the prime factors of (74*(-28)/4)/(13/(-26))?
2, 7, 37
Let j = -59 + 62. List the prime factors of j - 302*6/(-6).
5, 61
List the prime factors of (-8 + ((-3096)/27 - -2))/(2/(-45)).
3, 5, 181
Let f(w) = -w**3 - 22*w**2 - 18*w + 46. Let z be f(-21). Let b(p) = 5*p**2 + 16*p + 120. List the prime factors of b(z).
3, 431
List the prime factors of 3/(-2)*2782780/(-417).
2, 5, 7, 11, 13
What are the prime factors of (732/10)/((5/20)/(2680/64))?
3, 61, 67
Let y(f) = -9*f - 17. Let a be y(-4). Suppose -a = -h + 2*c + 24, 4 = 2*c. Suppose 4*k - h = 593. List the prime factors of k.
2, 5
Suppose -3*w = 17 + 1. Let v(c) = c**2 + 8*c + 14. Let m be v(w). Suppose -m*l + 308 = 2*l. What are the prime factors of l?
7, 11
Let v be (-14 - 1)*56/20. Let o = v + 32. List the prime factors of (o/4 - -2)*220*-1.
2, 5, 11
Suppose 2*m + 4*f - 65056 = 0, -m + 52*f + 32522 = 55*f. What are the prime factors of m?
2, 5, 1627
Suppose -39*q = -76087 - 299951. What are the prime factors of q?
2, 3, 1607
Let b(m) be the first derivative of -m**4/4 + 10*m**3/3 - m**2/2 + 14*m + 9. Let l be b(9). Suppose 362 = 4*s - l. What are the prime factors of s?
2, 7
Suppose 0 = 16*d - 11*d + 30. Let c(t) = 11*t + 68. Let u be c(d). Suppose 9*i - 5*i - 1064 = h, 3*i + u*h - 787 = 0. List the prime factors of i.
5, 53
Let l be 105/(-6) + (-3)/(-6). Let r = l + 14. What are the prime factors of 3 - (-109 + r) - 1?
2, 3, 19
Let r be (-3)/(-21)*2 + (-206)/(-14). Suppose -16766 = -r*m + 2089. What are the prime factors of m?
3, 419
Let i(s) = 1548*s + 246. List the prime factors of i(4).
2, 3, 29, 37
Suppose 225*y = -138*y + 19086903. What are the prime factors of y?
3, 17, 1031
Let y = 266 + 199. Let x = y - 272. List the prime factors of x.
193
Suppose -43 = 3*l - 4*l - 2*n, 92 = 2*l + n. Let d be (-86)/(-3)*33/22. Suppose l*k - d*k = 864. What are the prime factors of k?
2, 3
Let d be 175/(-3*(-5)/285). Suppose 0 = 65*x - 72*x + d. List the prime factors of x.
5, 19
Suppose 20*r + 177587 = 50*r - 133663. List the prime factors of r.
5, 83
Let t = 1044 + 41. What are the prime factors of t?
5, 7, 31
Suppose 10 = 2*l, 5*i - 18*l + 21*l = 2655. List the prime factors of i.
2, 3, 11
Suppose -5*f + 7496 = -f. Suppose -3*c = -f - 1384. List the prime factors of c.
2, 3, 181
Let z(f) = 4*f**2 - 7*f + 2*f**2 + 8*f**3 - 2 - 1 + f. Let w be z(3). Suppose 3*g = -0*g + w. What are the prime factors of g?
83
Suppose -2*z = z - 5*z. Let g be -12 - (-4 - 0 - z). Let n(y) = y**3 + 9*y**2 - 6*y + 24. List the prime factors of n(g).
2, 17
List the prime factors of 167004/30*(-450)/(-567) + 2/(-21).
2, 47
Let z be 2/8*-6*4/3. Let g be 10*(18/(-20) + (-3)/z). Suppose -g*v = 2*v - 40. What are the prime factors of v?
5
Suppose -35*j - 14 = -28*j. What are the prime factors of (-4 - (2*285 - j))*-2?
2, 3
Suppose 4*p - 2*f = 18, -f = 2*p - 4*f - 7. Suppose -p*b + 16*b = -176. List the prime factors of (-604)/b*(-5 - -9).
151
Suppose -4*m + 71096 = -4*c, -46*m - 2*c - 53330 = -49*